 135.
132
What is the remainder when 198 is divided by 5?
3
What is the remainder when 451 is divided by 147?
10
Calculate the remainder when 464 is divided by 11.
2
Calculate the remainder when 5911 is divided by 9.
7
What is the remainder when 2039 is divided by 229?
207
Calculate the remainder when 393 is divided by 118.
39
What is the remainder when 13931 is divided by 18?
17
What is the remainder when 6913 is divided by 26?
23
What is the remainder when 213 is divided by 12?
9
Calculate the remainder when 48 is divided by 26.
22
What is the remainder when 199 is divided by 29?
25
Calculate the remainder when 1894 is divided by 112.
102
What is the remainder when 104 is divided by 34?
2
What is the remainder when 4163 is divided by 49?
47
Calculate the remainder when 1235 is divided by 10.
5
What is the remainder when 1969 is divided by 42?
37
What is the remainder when 308 is divided by 52?
48
Calculate the remainder when 739 is divided by 57.
55
Calculate the remainder when 416 is divided by 5.
1
Calculate the remainder when 1720 is divided by 15.
10
Calculate the remainder when 3823 is divided by 15.
13
Calculate the remainder when 4560 is divided by 55.
50
Calculate the remainder when 601 is divided by 84.
13
Calculate the remainder when 143 is divided by 48.
47
What is the remainder when 270 is divided by 63?
18
What is the remainder when 5800 is divided by 1932?
4
What is the remainder when 122 is divided by 90?
32
What is the remainder when 453 is divided by 254?
199
Calculate the remainder when 1250 is divided by 9.
8
Calculate the remainder when 126 is divided by 59.
8
Calculate the remainder when 461 is divided by 21.
20
Calculate the remainder when 8847 is divided by 150.
147
What is the remainder when 5173 is divided by 103?
23
Calculate the remainder when 431 is divided by 87.
83
Calculate the remainder when 2725 is divided by 58.
57
Calculate the remainder when 344 is divided by 77.
36
Calculate the remainder when 98 is divided by 1.
0
What is the remainder when 1071 is divided by 13?
5
Calculate the remainder when 586 is divided by 38.
16
Calculate the remainder when 185 is divided by 66.
53
What is the remainder when 184 is divided by 11?
8
What is the remainder when 2823 is divided by 3?
0
What is the remainder when 75 is divided by 24?
3
What is the remainder when 1172 is divided by 54?
38
Calculate the remainder when 317 is divided by 29.
27
Calculate the remainder when 82 is divided by 14.
12
Calculate the remainder when 3983 is divided by 5.
3
Calculate the remainder when 186 is divided by 21.
18
What is the remainder when 2212 is divided by 54?
52
Calculate the remainder when 22363 is divided by 63.
61
What is the remainder when 391 is divided by 79?
75
Calculate the remainder when 240 is divided by 75.
15
Calculate the remainder when 125 is divided by 39.
8
What is the remainder when 2777 is divided by 10?
7
Calculate the remainder when 492 is divided by 75.
42
What is the remainder when 4359 is divided by 16?
7
Calculate the remainder when 492 is divided by 38.
36
What is the remainder when 362 is divided by 174?
14
Calculate the remainder when 964 is divided by 2.
0
Calculate the remainder when 21018 is divided by 91.
88
Calculate the remainder when 136 is divided by 28.
24
What is the remainder when 178 is divided by 47?
37
Calculate the remainder when 2909 is divided by 15.
14
What is the remainder when 950 is divided by 28?
26
Calculate the remainder when 153 is divided by 88.
65
What is the remainder when 1785 is divided by 13?
4
Calculate the remainder when 415 is divided by 11.
8
What is the remainder when 7344 is divided by 75?
69
Calculate the remainder when 382 is divided by 128.
126
Calculate the remainder when 217 is divided by 25.
17
What is the remainder when 50 is divided by 20?
10
Calculate the remainder when 256 is divided by 67.
55
Calculate the remainder when 124 is divided by 42.
40
What is the remainder when 5431 is divided by 60?
31
Calculate the remainder when 162 is divided by 114.
48
Calculate the remainder when 482 is divided by 82.
72
Calculate the remainder when 10136 is divided by 260.
256
What is the remainder when 49 is divided by 29?
20
What is the remainder when 69 is divided by 24?
21
What is the remainder when 1896 is divided by 26?
24
What is the remainder when 1715 is divided by 14?
7
Calculate the remainder when 204 is divided by 9.
6
Calculate the remainder when 1146 is divided by 60.
6
Calculate the remainder when 307 is divided by 44.
43
What is the remainder when 69 is divided by 48?
21
Calculate the remainder when 110 is divided by 43.
24
Calculate the remainder when 2797 is divided by 558.
7
What is the remainder when 1977 is divided by 86?
85
Calculate the remainder when 465 is divided by 447.
18
Calculate the remainder when 1184 is divided by 22.
18
What is the remainder when 1057 is divided by 76?
69
What is the remainder when 27962 is divided by 9?
8
Calculate the remainder when 150 is divided by 13.
7
What is the remainder when 73 is divided by 22?
7
Calculate the remainder when 830 is divided by 103.
6
What is the remainder when 477 is divided by 8?
5
Calculate the remainder when 408 is divided by 79.
13
What is the remainder when 214 is divided by 80?
54
What is the remainder when 323 is divided by 13?
11
What is the remainder when 998 is divided by 328?
14
What is the remainder when 226 is divided by 3?
1
Calculate the remainder when 69 is divided by 27.
15
What is the remainder when 2463 is divided by 35?
13
What is the remainder when 218 is divided by 17?
14
Calculate the remainder when 5404 is divided by 26.
22
Calculate the remainder when 374 is divided by 164.
46
Calculate the remainder when 1711 is divided by 77.
17
Calculate the remainder when 138 is divided by 97.
41
Calculate the remainder when 201 is divided by 34.
31
What is the remainder when 350 is divided by 44?
42
What is the remainder when 891 is divided by 47?
45
What is the remainder when 821 is divided by 136?
5
What is the remainder when 218 is divided by 6?
2
What is the remainder when 81 is divided by 20?
1
Calculate the remainder when 1565 is divided by 14.
11
What is the remainder when 62 is divided by 20?
2
Calculate the remainder when 896 is divided by 90.
86
Calculate the remainder when 348 is divided by 340.
8
What is the remainder when 424 is divided by 119?
67
Calculate the remainder when 180 is divided by 26.
24
Calculate the remainder when 119 is divided by 62.
57
Calculate the remainder when 2176 is divided by 1080.
16
What is the remainder when 115 is divided by 77?
38
What is the remainder when 1564 is divided by 771?
22
What is the remainder when 654 is divided by 90?
24
What is the remainder when 731 is divided by 73?
1
What is the remainder when 546 is divided by 40?
26
What is the remainder when 31 is divided by 17?
14
Calculate the remainder when 6117 is divided by 10.
7
Calculate the remainder when 10052 is divided by 89.
84
Calculate the remainder when 292 is divided by 138.
16
Calculate the remainder when 9344 is divided by 4666.
12
What is the remainder when 150 is divided by 77?
73
What is the remainder when 49 is divided by 20?
9
Calculate the remainder when 441 is divided by 52.
25
Calculate the remainder when 3604 is divided by 140.
104
Calculate the remainder when 250 is divided by 85.
80
What is the remainder when 1448 is divided by 9?
8
What is the remainder when 277 is divided by 28?
25
Calculate the remainder when 776 is divided by 15.
11
What is the remainder when 105 is divided by 50?
5
Calculate the remainder when 213 is divided by 39.
18
What is the remainder when 15 is divided by 9?
6
What is the remainder when 339 is divided by 11?
9
What is the remainder when 18287 is divided by 201?
197
Calculate the remainder when 2612 is divided by 67.
66
Calculate the remainder when 495 is divided by 83.
80
Calculate the remainder when 275 is divided by 71.
62
Calculate the remainder when 433 is divided by 48.
1
Calculate the remainder when 423 is divided by 61.
57
Calculate the remainder when 1735 is divided by 42.
13
Calculate the remainder when 12875 is divided by 159.
155
Calculate the remainder when 250 is divided by 14.
12
Calculate the remainder when 60 is 